 39 a factor of 16344?
False
Does 72 divide 104010?
False
Does 32 divide 3872?
True
Is 9 a factor of 4711?
False
Is 18226 a multiple of 16?
False
Is 875 a multiple of 29?
False
Does 14 divide 10038?
True
Is 2960 a multiple of 35?
False
Is 83 a factor of 3774?
False
Is 30015 a multiple of 23?
True
Does 81 divide 2389?
False
Is 11 a factor of 132?
True
Is 2260 a multiple of 20?
True
Does 75 divide 1134?
False
Does 25 divide 27353?
False
Is 53 a factor of 2809?
True
Is 130 a factor of 42041?
False
Is 7930 a multiple of 130?
True
Does 22 divide 990?
True
Does 11 divide 9571?
False
Is 2100 a multiple of 100?
True
Is 386 a multiple of 7?
False
Does 32 divide 9344?
True
Is 41 a factor of 1640?
True
Is 952 a multiple of 28?
True
Is 453 a multiple of 32?
False
Is 740 a multiple of 20?
True
Is 24 a factor of 299?
False
Is 240 a factor of 2880?
True
Does 30 divide 1087?
False
Does 21 divide 33983?
False
Is 37 a factor of 21031?
False
Does 7 divide 5371?
False
Is 42 a factor of 338?
False
Is 82467 a multiple of 187?
True
Is 14 a factor of 664?
False
Is 25 a factor of 59684?
False
Is 350 a multiple of 25?
True
Is 77 a factor of 8855?
True
Is 351 a multiple of 13?
True
Does 15 divide 1031?
False
Is 25975 a multiple of 25?
True
Is 24 a factor of 9456?
True
Does 2 divide 20?
True
Is 14 a factor of 2338?
True
Is 31 a factor of 310?
True
Is 84 a factor of 861?
False
Does 19 divide 5376?
False
Is 4765 a multiple of 18?
False
Is 24 a factor of 13704?
True
Is 1397 a multiple of 24?
False
Is 63 a factor of 30459?
False
Does 42 divide 756?
True
Does 7 divide 10584?
True
Is 12 a factor of 11018?
False
Is 83 a factor of 6552?
False
Is 17 a factor of 374?
True
Is 3 a factor of 76?
False
Does 5 divide 2975?
True
Does 2 divide 245?
False
Does 13 divide 1141?
False
Does 7 divide 252?
True
Is 10 a factor of 165?
False
Is 2 a factor of 3234?
True
Does 5 divide 295?
True
Does 20 divide 76114?
False
Is 70 a factor of 210?
True
Is 18 a factor of 450?
True
Is 7 a factor of 806?
False
Is 28637 a multiple of 80?
False
Is 2673 a multiple of 81?
True
Is 20 a factor of 41132?
False
Is 2240 a multiple of 35?
True
Does 41 divide 64288?
True
Does 28 divide 46943?
False
Is 39 a factor of 43602?
True
Does 69 divide 523?
False
Is 94 a factor of 3384?
True
Is 2896 a multiple of 16?
True
Is 13845 a multiple of 71?
True
Is 68634 a multiple of 9?
True
Does 3 divide 144?
True
Is 83 a factor of 2713?
False
Is 26 a factor of 1828?
False
Does 6 divide 3584?
False
Does 135 divide 63585?
True
Does 17 divide 1258?
True
Is 7 a factor of 658?
True
Is 13 a factor of 2977?
True
Is 29321 a multiple of 169?
False
Does 11 divide 658?
False
Is 21583 a multiple of 38?
False
Is 7 a factor of 23?
False
Is 4 a factor of 256?
True
Is 52173 a multiple of 279?
True
Does 7 divide 6202?
True
Is 288 a multiple of 28?
False
Is 135 a factor of 752?
False
Is 161 a multiple of 13?
False
Is 382 a multiple of 41?
False
Is 8160 a multiple of 49?
False
Is 127373 a multiple of 44?
False
Is 17 a factor of 2531?
False
Is 1468 a multiple of 15?
False
Is 13 a factor of 52?
True
Does 14 divide 54559?
False
Is 194 a factor of 100866?
False
Is 9 a factor of 40?
False
Is 52 a factor of 32268?
False
Is 3 a factor of 1803?
True
Is 1673 a multiple of 4?
False
Is 22 a factor of 193?
False
Does 27 divide 643?
False
Does 28 divide 142209?
False
Is 333 a factor of 965?
False
Is 6659 a multiple of 37?
False
Does 130 divide 54566?
False
Does 42 divide 484?
False
Does 35 divide 1410?
False
Is 22 a factor of 13718?
False
Is 1260 a multiple of 9?
True
Is 495 a multiple of 55?
True
Is 4060 a multiple of 58?
True
Does 15 divide 5204?
False
Is 64 a factor of 5399?
False
Is 882 a multiple of 5?
False
Is 24 a factor of 96?
True
Is 8 a factor of 49448?
True
Is 15730 a multiple of 143?
True
Is 60344 a multiple of 282?
False
Is 5 a factor of 7385?
True
Is 119 a factor of 58667?
True
Is 23 a factor of 4692?
True
Is 14704 a multiple of 57?
False
Is 38328 a multiple of 17?
False
Does 18 divide 1303?
False
Does 5 divide 431?
False
Is 27141 a multiple of 78?
False
Does 8 divide 1576?
True
Is 51022 a multiple of 263?
True
Is 283 a factor of 22074?
True
Is 102 a factor of 510?
True
Does 148 divide 25456?
True
Is 136 a factor of 34816?
True
Does 60 divide 23460?
True
Does 16 divide 996?
False
Is 118 a factor of 2025?
False
Does 18 divide 5420?
False
Is 52 a factor of 1220?
False
Is 17 a factor of 2204?
False
Does 12 divide 52920?
True
Does 3 divide 645?
True
Is 56 a factor of 41678?
False
Does 4 divide 691?
False
Does 14 divide 560?
True
Does 72 divide 2997?
False
Is 3 a factor of 571?
False
Is 11837 a multiple of 133?
True
Is 6 a factor of 42?
True
Is 9405 a multiple of 57?
True
Does 21 divide 105?
True
Is 468 a multiple of 18?
True
Does 12 divide 10784?
False
Is 14746 a multiple of 7?
False
Is 2 a factor of 139?
False
Is 207 a factor of 20461?
False
Is 15 a factor of 195?
True
Does 4 divide 2346?
False
Does 31 divide 818?
False
Is 40 a factor of 12844?
False
Is 16 a factor of 789?
False
Is 256 a multiple of 4?
True
Does 138 divide 13358?
False
Is 41850 a multiple of 270?
True
Does 16 divide 39309?
False
Is 43 a factor of 215?
True
Is 4072 a multiple of 38?
False
Is 9675 a multiple of 15?
True
Does 38 divide 494?
True
Is 2098 a multiple of 34?
False
Is 45 a factor of 517?
False
Is 63 a factor of 21042?
True
Is 6 a factor of 2240?
False
Is 1675 a multiple of 25?
True
Is 2846 a multiple of 51?
False
Does 84 divide 15288?
True
Does 16 divide 13116?
False
Does 94 divide 1381?
False
Does 148 divide 888?
True
Is 1750 a multiple of 14?
True
Does 113 divide 11207?
False
Is 834 a multiple of 20?
False
Is 62 a factor of 11488?
False
Does 6 divide 16?
False
Is 1650 a multiple of 11?
True
Does 14 divide 8540?
True
Is 1199 a multiple of 2?
False
Does 35 divide 71414?
False
Does 40 divide 1873?
False
Is 32902 a multiple of 103?
False
Does 10 divide 48?
False
Is 10 a factor of 428?
False
Is 2556 a multiple of 20?
False
Is 8910 a multiple of 55?
True
Does 64 divide 60193?
False
Is 35392 a multiple of 112?
True
Is 4400 a multiple of 22?
True
Is 16 a factor of 14720?
True
Does 6 divide 5538?
True
Is 1920 a multiple of 40?
True
Does 42 divide 7693?
False
Does 38 divide 4984?
False
Is 10 a factor of 74512?
False
Does 22 divide 528?
True
Does 87 divide 373?
False
Does 13 divide 1456?
True
Is 11624 a multiple of 53?
False
Is 18896 a multiple of 18?
False
Does 7 divide 862?
False
Is 9 a factor of 3174?
False
Is 2760 a multiple of 60?
True
Is 6071 a multiple of 4?
False
Does 8 divide 1496?
True
Does 68 divide 476?
True
Is 5241 a multiple of 3?
True
Is 6848 a multiple of 43?
False
Is 27 a factor of 8100?
True
Is 1069 a multiple of 8?
False
Is 42 a factor of 3948?
True
Does 59 divide 22406?
False
Does 3 divide 555?
True
Does 8 divide 1130?
False
Is 204 a multiple of 12?
True
Is 279 a multiple of 9?
True
Is 37 a factor of 18393?
False
Is 71582 a multiple of 429?
False
Does 23 divide 1794?
True
Is 2240 a multiple of 32?
True
Is 33 a multiple of 33?
True
Is 13950 a multiple of 6?
True
Is 1957 a multiple of 19?
True
Is 1256 a multiple of 61?
False
Is 5220 a multiple of 18?
True
Does 18 divide 1818?
True
Is 403 a multiple of 31?
True
Is 78 a factor of 1124?
False
Does 14 divide 72128?
True
Is 17 a factor of 2567?
True
Is 417 a multiple of 9?
False
Is 2119 a multiple of 29?
False
Is 4567 a multiple of 131?
False
Is 1729 a multiple of 7?
True
Is 233 a multiple of 21?
False
Is 228 a multiple of 14?
False
Does 22 divide 2794?
True
Does 89 divide 51562?
False
Is 41 a factor of 4252?
False
Does 7 divide 2271?
False
Does 110 divide 2167?
False
Is 432 a multiple of 65?
False
Is 2078 a multiple of 2?
True
Does 16 divide 30470?
False
Is 104 a factor of 39520?
True
Does 23 divide 46?
True
Is 14 a factor of 47897?
False
Does 33 divide 5379?
True
Is 10811 a multiple of 19?
True
Does 49 divide 9920?
False
Is 10 a factor of 1948?
False
Is 3963 a multiple of 104?
False
Is 940 a multiple of 6?
False
Does 4 divide 576?
True
Is 79156 a multiple of 28?
True
Is 5 a factor of 5125?
True
Is 52 a factor of 465?
False
Is 210 a multiple of 105?
True
Is 252 a multiple of 36?
True
Does 32 divide 445?
False
Does 7 divide 505?
False
Does 69 divide 8073?
True
Is 149 a factor of 12436?
False
Does 10 divide 3279?
Fals